 2*d + 25, 132 = 4*w - 2*d. What is the remainder when b(-3) is divided by w?
28
Let c = 999 + -779. Calculate the remainder when c is divided by 42.
10
Let q = -68 + 117. Let l = -2542 + 2568. What is the remainder when q is divided by l?
23
Suppose 2*g - t = -2*t + 27, 0 = -5*g + 2*t + 90. Let q = 19 - g. Calculate the remainder when q is divided by 1.
0
Let h be ((-97)/(-2))/((-4)/8). Let d = h - -108. What is the remainder when 87 is divided by d?
10
Suppose -17*u - 18*u + 1610 = 0. Let i = -128 - -309. What is the remainder when i is divided by u?
43
Let m(t) = -t**2 - 12*t - 22. Let h be m(-9). Suppose -h*g + y - 1530 = -0*g, y = -g - 306. Calculate the remainder when g/(-81) - 4/(-18) is divided by 2.
0
Let w(u) = 4*u**2 + 3*u + 4. Let z be w(-1). Suppose 5*t = -z, d - 435 = -3*d - t. Calculate the remainder when d is divided by 37.
35
Let m(x) = -x**2 - 8*x - 5. Let s(v) = -v**2 - 11*v - 6. Let w(r) = r**2 + 8*r + 2. Let k be w(-6). What is the remainder when m(-6) is divided by s(k)?
3
What is the remainder when 6/5*1105/51 is divided by 6?
2
Let m = -34 + 253. Calculate the remainder when m is divided by 74.
71
Let i = -373 + 546. Calculate the remainder when i is divided by 25.
23
Suppose 3 + 0 = l. Calculate the remainder when l/(9/282) + -1 is divided by 19.
17
Let r be (-198)/(-55)*(-50)/(-4). Let i = r + -38. Suppose -1 = -2*w + 21. What is the remainder when w is divided by i?
4
Let o(f) = -f + 7. Let d be o(5). What is the remainder when 6 is divided by (12/(-20))/(d/(-20))?
0
Let c(w) = w + 11. Let i be c(-3). Suppose -i - 48 = -4*q. What is the remainder when 52 is divided by q?
10
Suppose -194 = -3*y - 5*j, 4*y = -4*j - 23 + 287. What is the remainder when y is divided by 25?
18
Let w(q) = -q**2 + 4. Let h be w(0). Let z(s) = s**3 + 4*s**2 + s - 24. What is the remainder when z(h) is divided by 56?
52
Let k = 11 - -29. Suppose h + 16 + 20 = 4*l, 5*h - k = -2*l. Calculate the remainder when 14 is divided by l.
4
Let j = -143 - -168. What is the remainder when 29 is divided by j?
4
Let t = -84 - -105. Suppose -t = l - 4*l. Let q = 78 + -53. What is the remainder when q is divided by l?
4
Let p = -10 - -21. Let k(z) = -2*z**2 + 10*z + 8. Let n be k(8). Let y = n - -71. Calculate the remainder when y is divided by p.
9
Calculate the remainder when (171/(-2))/(408/208 + -2) is divided by 16.
15
Suppose -4*c = -17 - 27. Suppose -b + 2 + 3 = 0. What is the remainder when c is divided by b?
1
Let g = 20 + -12. Suppose -5*s + 2 = -g, 5*o = 4*s + 2. What is the remainder when ((-462)/(-49))/(o/14) is divided by 23?
20
Let s(i) = -i**2 - 7*i. Let z be s(-6). Suppose y = z*y - 160. Suppose 3*k = 2*f - 4*f + 126, 4*f - y = -k. Calculate the remainder when k is divided by 15.
14
Calculate the remainder when 87 is divided by -7 + 252/16 + (-3)/(-12).
6
Let i = -45 + 47. Suppose 0 = 2*m - j - 28, -m + 52 = 4*m + i*j. Let p = -47 + 81. Calculate the remainder when p is divided by m.
10
Suppose 2*d + 0*l - 3*l = 27, 0 = -2*d - 2*l + 32. Calculate the remainder when d is divided by (-13)/5 - 1344/(-240).
0
Let v(c) = 2*c**2 - 3*c + 1. Suppose -3*i + 21 = -3. Suppose 2*o = 4*y + i, 2*o + o - 7 = y. What is the remainder when 8 is divided by v(o)?
2
Suppose 2*w - 2*r - 12 = r, -12 = -2*w + 5*r. Let o(m) = -m**3 + 6*m**2 - 3*m - 6. Suppose -12 + 2 = -2*n. Calculate the remainder when w is divided by o(n).
2
Let f(w) = -w + 1. Let x be f(-1). Suppose -x*a - 5 = 5*n, -3 = a + 3*n + 1. What is the remainder when 13 is divided by a?
3
Let d(i) = 4*i + 6. Let b be (1/(-3)*-15)/1. What is the remainder when (-25)/((-3)/(-2) - 2) is divided by d(b)?
24
Let t(x) = x**3 - 4*x**2 - 5*x + 5. Let i be t(5). Let j = 25 + -3. Suppose -5*p = -b + j, -b - 40 = -i*b + 4*p. What is the remainder when b is divided by 4?
3
Let o = 211 + -150. Calculate the remainder when o is divided by (-132)/(-154) - (240/(-14) + 2).
13
Let d = -59 + 33. Let k = 30 + d. Calculate the remainder when 7 is divided by k.
3
Suppose -r - 4*r + 3*c + 55 = 0, 3*c = r + 1. Suppose m = 4*h + 67, m - h - 157 = -2*m. Calculate the remainder when m is divided by r.
9
Let f(a) = -a**3 - 9*a**2 - 17*a + 14. Suppose 2*t + 19 + 9 = 0. Let s = t + 27. What is the remainder when f(-7) is divided by s?
9
Suppose -2*o = -a + 10, 0*a - o = -a + 7. Suppose 0*n + a*n = 92. What is the remainder when (12/10)/((-1)/(-75)) is divided by n?
21
Let l = -78 + 54. Calculate the remainder when (-12)/l*48/1 is divided by (1*8/16)/(2/28).
3
Suppose 346 = -5*l + 7*l. What is the remainder when l is divided by 44?
41
Let z(x) = -4*x - 1. What is the remainder when z(-5) is divided by 2 - 3 - (0 - 7)?
1
Suppose 3*g = -0*g + x - 18, 5*g - 4*x = -30. What is the remainder when 57 is divided by 9/g*(-120)/9?
17
Let r = 27 - -45. Suppose r = 6*g - 42. Calculate the remainder when g is divided by 7.
5
Suppose -3*k + 104 = -34. What is the remainder when k is divided by -2 + (-3 - -1 - -16)?
10
Let r = -2 - -2. Suppose -2*o - 4*x + 40 = r, -3*o + 128 = 2*o + 3*x. Let t(i) = -13*i - 102. Calculate the remainder when o is divided by t(-9).
13
Let i be (-2)/(1*4/(-14)). Suppose -5*t + 88 = -2*o, i = -3*o - 5. What is the remainder when ((-9760)/(-64))/(15/6) is divided by t?
13
Suppose 360 = -5*m + 11*m. Let x = m + -48. What is the remainder when 58 is divided by x?
10
Suppose 3*o - 5*b = 20, 0*o - 2*o + 2*b = -20. Let t(q) = q**2 + 3*q. What is the remainder when t(-6) is divided by 6 + 3*(-5)/o?
3
Let h(l) = l**3 + 15*l**2 + l + 33. Let o = 76 + -46. Calculate the remainder when o is divided by h(-15).
12
Let a(r) = r**2 - 35*r - 138. What is the remainder when 665 is divided by a(39)?
17
Let y(p) = -p**3 - 8*p**2 - 7*p + 15. Let w be y(-8). Suppose w = 4*s + 2*t - 5*t, s - 20 = 3*t. What is the remainder when 64 is divided by s?
13
Let l(s) be the third derivative of s**6/120 + 23*s**5/60 + 5*s**4/6 - 4*s**3 + 47*s**2. Calculate the remainder when 47 is divided by l(-22).
7
Suppose 2*f = 3*u - 19, -6*f - 9 = 2*u - 3*f. Suppose 7 + 65 = u*t. Calculate the remainder when t is divided by 7.
3
Suppose -4*d + 9 = -d. Suppose 2*c = -6*p + p, 4*p - 7 = -d*c. Calculate the remainder when (-12)/16*-12 + 6 is divided by c.
0
Let p = -101 + 123. Calculate the remainder when 82 is divided by p.
16
Let a = 17 + -6. Let f = 35 - -31. What is the remainder when 47 is divided by (-12)/f - (-178)/a?
15
Let i(g) = -14*g**2 + 189*g + 14. What is the remainder when i(13) is divided by 54?
51
Let y(o) = -3*o + 3. Let t be y(-3). Let i = t + 11. Calculate the remainder when 117 + 15/(-3)*(-10 - -11) is divided by i.
20
Let q(w) = -w**3 + 10*w**2 + 11*w + 14. Let l = 43 - 39. Calculate the remainder when q(11) is divided by l.
2
Suppose i + 2*i = 6. Let j be 15/6*(-16)/(-10). Suppose -2*w + i*z + 6 = 0, -j*w + 43 = 3*z - 4. Calculate the remainder when 29 is divided by w.
5
Let r(q) be the first derivative of q**4/4 - q**3/3 - 13*q**2/2 + 4*q - 19. Calculate the remainder when r(6) is divided by 36.
34
Suppose -2*w = -4*b - 290, -4*w + 795 = -4*b + 199. What is the remainder when w is divided by 59?
35
Let n = 138 + -76. Calculate the remainder when n is divided by 98 - 91 - (1 + -3).
8
Let v = -611 + 1210. What is the remainder when v is divided by 24?
23
Suppose 0 = 5*m + 4*m - 3*f - 27, -3*m - 4*f - 6 = 0. What is the remainder when m is divided by ((-5)/(10/(-4)))/2?
0
Let v(s) = 31*s + 2. Let a = 14 - 10. Suppose 3*l - l - a*x - 6 = 0, 5*x = 2*l - 1. Calculate the remainder when v(2) is divided by l.
12
Suppose 3*o - 122 = 14*m - 18*m, 0 = o - 4*m - 30. Calculate the remainder when 186 is divided by o.
34
Let y(p) = -p**3 + 11*p**2 + 10*p + 279. Calculate the remainder when y(-12) is divided by 23.
21
Let v(y) = -y**3 + 4*y**2 + 4*y - 1. Let n be v(4). Suppose q + 2*q - n = 0. Calculate the remainder when (-2)/12*(-3 + 7)*-18 is divided by q.
2
Let w(c) = -c**3 - 18*c**2 - 12*c + 35. Calculate the remainder when w(-18) is divided by 66.
53
Suppose -6*o + 146 = -16. Calculate the remainder when 240 is divided by o.
24
Let w = -269 - -291. Let x = 77 - -10. Calculate the remainder when x is divided by w.
21
Let g = 400 + -312. Calculate the remainder when g is divided by 46.
42
Let z be (116/145)/(2/5). Let y = 17 + -12. Suppose 100 = 